{"id":2248,"date":"2021-04-16T11:40:38","date_gmt":"2021-04-16T09:40:38","guid":{"rendered":"https:\/\/uo-net.cz\/bbcut\/?page_id=2248"},"modified":"2021-04-19T19:45:10","modified_gmt":"2021-04-19T17:45:10","slug":"zive-obrazy","status":"publish","type":"page","link":"https:\/\/uo-net.cz\/bbcut\/zive-obrazy\/","title":{"rendered":"\u017div\u00e9 obrazy"},"content":{"rendered":"\t\t<div data-elementor-type=\"wp-page\" data-elementor-id=\"2248\" class=\"elementor elementor-2248\" data-elementor-settings=\"[]\">\n\t\t\t\t\t\t\t<div class=\"elementor-section-wrap\">\n\t\t\t\t\t\t\t<section class=\"elementor-section elementor-top-section elementor-element elementor-element-552467f elementor-section-boxed elementor-section-height-default elementor-section-height-default\" data-id=\"552467f\" data-element_type=\"section\">\n\t\t\t\t\t\t<div class=\"elementor-container elementor-column-gap-default\">\n\t\t\t\t\t<div class=\"elementor-column elementor-col-33 elementor-top-column elementor-element elementor-element-ddb2cb2\" data-id=\"ddb2cb2\" data-element_type=\"column\">\n\t\t\t<div class=\"elementor-widget-wrap elementor-element-populated\">\n\t\t\t\t\t\t\t\t<div class=\"elementor-element elementor-element-856acef elementor-widget elementor-widget-image\" data-id=\"856acef\" data-element_type=\"widget\" data-widget_type=\"image.default\">\n\t\t\t\t<div class=\"elementor-widget-container\">\n\t\t\t\t\t<div class=\"elementor-image\">\n\t\t\t\t\t\t\t\t\t\t<img decoding=\"async\" src=\"https:\/\/uo-net.cz\/bbcut\/wp-content\/uploads\/elementor\/thumbs\/BBcut_logo-1-p3q8fggcirvwq9j2pg4j62rppj54dtpij759iq9cwg.png\" title=\"BBcut_logo\" alt=\"BBcut_logo\" \/>\t\t\t\t\t\t\t\t\t\t\t<\/div>\n\t\t\t\t<\/div>\n\t\t\t\t<\/div>\n\t\t\t\t\t<\/div>\n\t\t<\/div>\n\t\t\t\t<div class=\"elementor-column elementor-col-66 elementor-top-column elementor-element elementor-element-fba4232\" data-id=\"fba4232\" data-element_type=\"column\">\n\t\t\t<div class=\"elementor-widget-wrap elementor-element-populated\">\n\t\t\t\t\t\t\t\t<div class=\"elementor-element elementor-element-fd49182 elementor-widget elementor-widget-heading\" data-id=\"fd49182\" data-element_type=\"widget\" data-widget_type=\"heading.default\">\n\t\t\t\t<div class=\"elementor-widget-container\">\n\t\t\t<h2 class=\"elementor-heading-title elementor-size-medium\">\u017div\u00e9 obrazy<\/h2>\t\t<\/div>\n\t\t\t\t<\/div>\n\t\t\t\t\t<\/div>\n\t\t<\/div>\n\t\t\t\t\t\t\t<\/div>\n\t\t<\/section>\n\t\t\t\t<section class=\"elementor-section elementor-top-section elementor-element elementor-element-3740dc3 elementor-section-boxed elementor-section-height-default elementor-section-height-default\" data-id=\"3740dc3\" data-element_type=\"section\">\n\t\t\t\t\t\t<div class=\"elementor-container elementor-column-gap-default\">\n\t\t\t\t\t\t\t\t<\/div>\n\t\t<\/section>\n\t\t\t\t<section class=\"elementor-section elementor-top-section elementor-element elementor-element-312f740 elementor-section-boxed elementor-section-height-default elementor-section-height-default\" data-id=\"312f740\" data-element_type=\"section\" data-settings=\"{&quot;background_background&quot;:&quot;classic&quot;}\">\n\t\t\t\t\t\t<div class=\"elementor-container elementor-column-gap-default\">\n\t\t\t\t\t<div class=\"elementor-column elementor-col-25 elementor-top-column elementor-element elementor-element-4ed6121\" data-id=\"4ed6121\" data-element_type=\"column\">\n\t\t\t<div class=\"elementor-widget-wrap elementor-element-populated\">\n\t\t\t\t\t\t\t\t<div class=\"elementor-element elementor-element-7c6f2ab elementor-widget elementor-widget-image\" data-id=\"7c6f2ab\" data-element_type=\"widget\" data-widget_type=\"image.default\">\n\t\t\t\t<div class=\"elementor-widget-container\">\n\t\t\t\t\t<div class=\"elementor-image\">\n\t\t\t\t\t\t\t\t\t\t<img loading=\"lazy\" decoding=\"async\" width=\"255\" height=\"300\" src=\"https:\/\/uo-net.cz\/bbcut\/wp-content\/uploads\/2021\/04\/lentikulary_matrice-255x300.png\" class=\"attachment-medium size-medium\" alt=\"\" srcset=\"https:\/\/uo-net.cz\/bbcut\/wp-content\/uploads\/2021\/04\/lentikulary_matrice-255x300.png 255w, https:\/\/uo-net.cz\/bbcut\/wp-content\/uploads\/2021\/04\/lentikulary_matrice.png 519w\" sizes=\"auto, (max-width: 255px) 100vw, 255px\" \/>\t\t\t\t\t\t\t\t\t\t\t<\/div>\n\t\t\t\t<\/div>\n\t\t\t\t<\/div>\n\t\t\t\t\t<\/div>\n\t\t<\/div>\n\t\t\t\t<div class=\"elementor-column elementor-col-50 elementor-top-column elementor-element elementor-element-197269f\" data-id=\"197269f\" data-element_type=\"column\">\n\t\t\t<div class=\"elementor-widget-wrap elementor-element-populated\">\n\t\t\t\t\t\t\t\t<div class=\"elementor-element elementor-element-e2ee0e3 elementor-widget elementor-widget-text-editor\" data-id=\"e2ee0e3\" data-element_type=\"widget\" data-widget_type=\"text-editor.default\">\n\t\t\t\t<div class=\"elementor-widget-container\">\n\t\t\t\t\t<div class=\"elementor-text-editor elementor-clearfix\"><p><span id=\"752\">&#8222;\u017div\u00e9&#8220; (lentikul\u00e1rn\u00ed) obrazy&nbsp; jsou netradi\u010dn\u00edm \u0159e\u0161en\u00edm, jak si zatraktivnit interi\u00e9r bytu, prodejnu, propagaci produktu &#8230; <\/span><span id=\"752\">T\u011bch mo\u017enost\u00ed vyu\u017eit\u00ed je mnoho, z\u00e1le\u017e\u00ed jen na fantazii z\u00e1kazn\u00edka. <br><\/span><\/p>\n<p><b><span id=\"752\">V \u010dem &#8222;f\u00edgl&#8220; spo\u010d\u00edv\u00e1?<\/span><\/b><span id=\"752\"> Ze dvou r\u016fzn\u00fdch obr\u00e1zk\u016f vytvo\u0159\u00edme jeden &#8222;pohybliv\u00fd&#8220; obraz (efekt FLIP). Pozorovatel, jen\u017e se p\u0159emis\u0165uje v\u016f\u010di lentikul\u00e1rn\u00edmu obrazu, nebo s produket h\u00fdbe, vid\u00ed st\u0159\u00eddav\u011b r\u016fzn\u00e9 obrazy. <br><\/span><\/p>\n<p><span id=\"752\"><b>Jak obraz objednat?<\/b> Ke ka\u017ed\u00e9mu obrazu je pot\u0159eba nahr\u00e1t dva soubory s obr\u00e1zky, kter\u00e9 se maj\u00ed na panelu m\u011bnit. <br><\/span><\/p>\n<p><span id=\"752\"><b>Rozli\u0161en\u00ed fotografi\u00ed:<\/b> cca 1500 x 900 px<\/span><\/p><\/div>\n\t\t\t\t<\/div>\n\t\t\t\t<\/div>\n\t\t\t\t\t<\/div>\n\t\t<\/div>\n\t\t\t\t<div class=\"elementor-column elementor-col-25 elementor-top-column elementor-element elementor-element-fcf92cb\" data-id=\"fcf92cb\" data-element_type=\"column\">\n\t\t\t<div class=\"elementor-widget-wrap elementor-element-populated\">\n\t\t\t\t\t\t\t\t<div class=\"elementor-element elementor-element-a58ce5f elementor-widget elementor-widget-image\" data-id=\"a58ce5f\" data-element_type=\"widget\" data-widget_type=\"image.default\">\n\t\t\t\t<div class=\"elementor-widget-container\">\n\t\t\t\t\t<div class=\"elementor-image\">\n\t\t\t\t\t\t\t\t\t\t<img decoding=\"async\" src=\"https:\/\/uo-net.cz\/bbcut\/wp-content\/uploads\/2021\/04\/LenticularPrints_2ImageFlip_LG.gif\" title=\"LenticularPrints_2ImageFlip_LG\" alt=\"LenticularPrints_2ImageFlip_LG\" \/>\t\t\t\t\t\t\t\t\t\t\t<\/div>\n\t\t\t\t<\/div>\n\t\t\t\t<\/div>\n\t\t\t\t\t<\/div>\n\t\t<\/div>\n\t\t\t\t\t\t\t<\/div>\n\t\t<\/section>\n\t\t\t\t<section class=\"elementor-section elementor-top-section elementor-element elementor-element-91ebc74 elementor-section-boxed elementor-section-height-default elementor-section-height-default\" data-id=\"91ebc74\" data-element_type=\"section\">\n\t\t\t\t\t\t<div class=\"elementor-container elementor-column-gap-default\">\n\t\t\t\t\t<div class=\"elementor-column elementor-col-100 elementor-top-column elementor-element elementor-element-d03643f\" data-id=\"d03643f\" data-element_type=\"column\">\n\t\t\t<div class=\"elementor-widget-wrap elementor-element-populated\">\n\t\t\t\t\t\t\t\t<div class=\"elementor-element elementor-element-192308a elementor-widget-divider--view-line elementor-widget elementor-widget-divider\" data-id=\"192308a\" data-element_type=\"widget\" data-widget_type=\"divider.default\">\n\t\t\t\t<div class=\"elementor-widget-container\">\n\t\t\t\t\t<div class=\"elementor-divider\">\n\t\t\t<span class=\"elementor-divider-separator\">\n\t\t\t\t\t\t<\/span>\n\t\t<\/div>\n\t\t\t\t<\/div>\n\t\t\t\t<\/div>\n\t\t\t\t\t<\/div>\n\t\t<\/div>\n\t\t\t\t\t\t\t<\/div>\n\t\t<\/section>\n\t\t\t\t<section class=\"elementor-section elementor-top-section elementor-element elementor-element-bc112a6 elementor-section-boxed elementor-section-height-default elementor-section-height-default\" data-id=\"bc112a6\" data-element_type=\"section\" data-settings=\"{&quot;background_background&quot;:&quot;classic&quot;}\">\n\t\t\t\t\t\t<div class=\"elementor-container elementor-column-gap-default\">\n\t\t\t\t\t<div class=\"elementor-column elementor-col-14 elementor-top-column elementor-element elementor-element-1fc0b79\" data-id=\"1fc0b79\" data-element_type=\"column\">\n\t\t\t<div class=\"elementor-widget-wrap elementor-element-populated\">\n\t\t\t\t\t\t\t\t<div class=\"elementor-element elementor-element-65ae188 elementor-view-default elementor-widget elementor-widget-icon\" data-id=\"65ae188\" data-element_type=\"widget\" data-widget_type=\"icon.default\">\n\t\t\t\t<div class=\"elementor-widget-container\">\n\t\t\t\t\t<div class=\"elementor-icon-wrapper\">\n\t\t\t<div class=\"elementor-icon\">\n\t\t\t<i aria-hidden=\"true\" class=\"far fa-check-circle\"><\/i>\t\t\t<\/div>\n\t\t<\/div>\n\t\t\t\t<\/div>\n\t\t\t\t<\/div>\n\t\t\t\t\t<\/div>\n\t\t<\/div>\n\t\t\t\t<div class=\"elementor-column elementor-col-14 elementor-top-column elementor-element elementor-element-c3b154d\" data-id=\"c3b154d\" data-element_type=\"column\">\n\t\t\t<div class=\"elementor-widget-wrap elementor-element-populated\">\n\t\t\t\t\t\t\t\t<div class=\"elementor-element elementor-element-146d15a elementor-widget elementor-widget-image\" data-id=\"146d15a\" data-element_type=\"widget\" data-widget_type=\"image.default\">\n\t\t\t\t<div class=\"elementor-widget-container\">\n\t\t\t\t\t<div class=\"elementor-image\">\n\t\t\t\t\t\t\t\t\t\t<img loading=\"lazy\" decoding=\"async\" width=\"219\" height=\"171\" src=\"https:\/\/uo-net.cz\/bbcut\/wp-content\/uploads\/2021\/04\/lentikulary_nalezato.png\" class=\"attachment-medium size-medium\" alt=\"\" \/>\t\t\t\t\t\t\t\t\t\t\t<\/div>\n\t\t\t\t<\/div>\n\t\t\t\t<\/div>\n\t\t\t\t\t<\/div>\n\t\t<\/div>\n\t\t\t\t<div class=\"elementor-column elementor-col-14 elementor-top-column elementor-element elementor-element-72a4de5\" data-id=\"72a4de5\" data-element_type=\"column\">\n\t\t\t<div class=\"elementor-widget-wrap elementor-element-populated\">\n\t\t\t\t\t\t\t\t<div class=\"elementor-element elementor-element-94fd193 elementor-widget elementor-widget-text-editor\" data-id=\"94fd193\" data-element_type=\"widget\" data-widget_type=\"text-editor.default\">\n\t\t\t\t<div class=\"elementor-widget-container\">\n\t\t\t\t\t<div class=\"elementor-text-editor elementor-clearfix\"><p style=\"text-align: center;\">350 x 250 mm<\/p><\/div>\n\t\t\t\t<\/div>\n\t\t\t\t<\/div>\n\t\t\t\t\t<\/div>\n\t\t<\/div>\n\t\t\t\t<div class=\"elementor-column elementor-col-14 elementor-top-column elementor-element elementor-element-dfd0df3\" data-id=\"dfd0df3\" data-element_type=\"column\">\n\t\t\t<div class=\"elementor-widget-wrap elementor-element-populated\">\n\t\t\t\t\t\t\t\t<div class=\"elementor-element elementor-element-0d0c166 elementor-widget elementor-widget-text-editor\" data-id=\"0d0c166\" data-element_type=\"widget\" data-widget_type=\"text-editor.default\">\n\t\t\t\t<div class=\"elementor-widget-container\">\n\t\t\t\t\t<div class=\"elementor-text-editor elementor-clearfix\"><p>Obraz na leh\u010den\u00e9m plastu,<br \/>tl. 5 mm s integrovan\u00fdm \u00fachytem na ze\u010f.<\/p><\/div>\n\t\t\t\t<\/div>\n\t\t\t\t<\/div>\n\t\t\t\t\t<\/div>\n\t\t<\/div>\n\t\t\t\t<div class=\"elementor-column elementor-col-14 elementor-top-column elementor-element elementor-element-636e649\" data-id=\"636e649\" data-element_type=\"column\">\n\t\t\t<div class=\"elementor-widget-wrap elementor-element-populated\">\n\t\t\t\t\t\t\t\t<div class=\"elementor-element elementor-element-773e0a4 elementor-widget elementor-widget-text-editor\" data-id=\"773e0a4\" data-element_type=\"widget\" data-widget_type=\"text-editor.default\">\n\t\t\t\t<div class=\"elementor-widget-container\">\n\t\t\t\t\t<div class=\"elementor-text-editor elementor-clearfix\"><p style=\"text-align: center;\">250 K\u010d v\u010d. DPH<\/p><\/div>\n\t\t\t\t<\/div>\n\t\t\t\t<\/div>\n\t\t\t\t\t<\/div>\n\t\t<\/div>\n\t\t\t\t<div class=\"elementor-column elementor-col-14 elementor-top-column elementor-element elementor-element-85113a3\" data-id=\"85113a3\" data-element_type=\"column\">\n\t\t\t<div class=\"elementor-widget-wrap elementor-element-populated\">\n\t\t\t\t\t\t\t\t<div class=\"elementor-element elementor-element-6d9063b elementor-align-center elementor-widget elementor-widget-button\" data-id=\"6d9063b\" data-element_type=\"widget\" data-widget_type=\"button.default\">\n\t\t\t\t<div class=\"elementor-widget-container\">\n\t\t\t\t\t<div class=\"elementor-button-wrapper\">\n\t\t\t<a href=\"#file%20uploud\" class=\"elementor-button-link elementor-button elementor-size-xs\" role=\"button\">\n\t\t\t\t\t\t<span class=\"elementor-button-content-wrapper\">\n\t\t\t\t\t\t<span class=\"elementor-button-text\">Nahr\u00e1t soubor #1 <\/span>\n\t\t<\/span>\n\t\t\t\t\t<\/a>\n\t\t<\/div>\n\t\t\t\t<\/div>\n\t\t\t\t<\/div>\n\t\t\t\t\t<\/div>\n\t\t<\/div>\n\t\t\t\t<div class=\"elementor-column elementor-col-14 elementor-top-column elementor-element elementor-element-6af2da7\" data-id=\"6af2da7\" data-element_type=\"column\">\n\t\t\t<div class=\"elementor-widget-wrap elementor-element-populated\">\n\t\t\t\t\t\t\t\t<div class=\"elementor-element elementor-element-f7d147e elementor-align-center elementor-widget elementor-widget-button\" data-id=\"f7d147e\" data-element_type=\"widget\" data-widget_type=\"button.default\">\n\t\t\t\t<div class=\"elementor-widget-container\">\n\t\t\t\t\t<div class=\"elementor-button-wrapper\">\n\t\t\t<a href=\"#\" class=\"elementor-button-link elementor-button elementor-size-xs\" role=\"button\">\n\t\t\t\t\t\t<span class=\"elementor-button-content-wrapper\">\n\t\t\t\t\t\t<span class=\"elementor-button-text\">Nahr\u00e1t soubor #2<\/span>\n\t\t<\/span>\n\t\t\t\t\t<\/a>\n\t\t<\/div>\n\t\t\t\t<\/div>\n\t\t\t\t<\/div>\n\t\t\t\t\t<\/div>\n\t\t<\/div>\n\t\t\t\t\t\t\t<\/div>\n\t\t<\/section>\n\t\t\t\t<section class=\"elementor-section elementor-top-section elementor-element elementor-element-7883df3 elementor-section-boxed elementor-section-height-default elementor-section-height-default\" data-id=\"7883df3\" data-element_type=\"section\">\n\t\t\t\t\t\t<div class=\"elementor-container elementor-column-gap-default\">\n\t\t\t\t\t<div class=\"elementor-column elementor-col-100 elementor-top-column elementor-element elementor-element-23f13a5\" data-id=\"23f13a5\" data-element_type=\"column\">\n\t\t\t<div class=\"elementor-widget-wrap elementor-element-populated\">\n\t\t\t\t\t\t\t\t<div class=\"elementor-element elementor-element-56aa70e elementor-widget-divider--view-line elementor-widget elementor-widget-divider\" data-id=\"56aa70e\" data-element_type=\"widget\" data-widget_type=\"divider.default\">\n\t\t\t\t<div class=\"elementor-widget-container\">\n\t\t\t\t\t<div class=\"elementor-divider\">\n\t\t\t<span class=\"elementor-divider-separator\">\n\t\t\t\t\t\t<\/span>\n\t\t<\/div>\n\t\t\t\t<\/div>\n\t\t\t\t<\/div>\n\t\t\t\t\t<\/div>\n\t\t<\/div>\n\t\t\t\t\t\t\t<\/div>\n\t\t<\/section>\n\t\t\t\t<section class=\"elementor-section elementor-top-section elementor-element elementor-element-d739c77 elementor-section-boxed elementor-section-height-default elementor-section-height-default\" data-id=\"d739c77\" data-element_type=\"section\">\n\t\t\t\t\t\t<div class=\"elementor-container elementor-column-gap-default\">\n\t\t\t\t\t<div class=\"elementor-column elementor-col-100 elementor-top-column elementor-element elementor-element-5517cc3\" data-id=\"5517cc3\" data-element_type=\"column\">\n\t\t\t<div class=\"elementor-widget-wrap\">\n\t\t\t\t\t\t\t\t\t<\/div>\n\t\t<\/div>\n\t\t\t\t\t\t\t<\/div>\n\t\t<\/section>\n\t\t\t\t\t\t<\/div>\n\t\t\t\t\t<\/div>\n\t\t","protected":false},"excerpt":{"rendered":"<p>\u017div\u00e9 obrazy &#8222;\u017div\u00e9&#8220; (lentikul\u00e1rn\u00ed) obrazy&nbsp; jsou netradi\u010dn\u00edm \u0159e\u0161en\u00edm, jak si zatraktivnit interi\u00e9r bytu, prodejnu, propagaci produktu &#8230; T\u011bch mo\u017enost\u00ed vyu\u017eit\u00ed je mnoho, z\u00e1le\u017e\u00ed jen na fantazii z\u00e1kazn\u00edka. V \u010dem &#8222;f\u00edgl&#8220; spo\u010d\u00edv\u00e1? Ze dvou r\u016fzn\u00fdch obr\u00e1zk\u016f vytvo\u0159\u00edme jeden &#8222;pohybliv\u00fd&#8220; obraz (efekt FLIP). Pozorovatel, jen\u017e se p\u0159emis\u0165uje v\u016f\u010di lentikul\u00e1rn\u00edmu obrazu, nebo s produket h\u00fdbe, vid\u00ed st\u0159\u00eddav\u011b r\u016fzn\u00e9 [&hellip;]<\/p>\n","protected":false},"author":2,"featured_media":0,"parent":0,"menu_order":0,"comment_status":"closed","ping_status":"closed","template":"","meta":{"_monsterinsights_skip_tracking":false,"_monsterinsights_sitenote_active":false,"_monsterinsights_sitenote_note":"","_monsterinsights_sitenote_category":0,"footnotes":""},"class_list":["post-2248","page","type-page","status-publish","hentry","entry","owp-thumbs-layout-horizontal","owp-btn-normal","owp-tabs-layout-horizontal","has-no-thumbnails","has-product-nav"],"_links":{"self":[{"href":"https:\/\/uo-net.cz\/bbcut\/wp-json\/wp\/v2\/pages\/2248","targetHints":{"allow":["GET"]}}],"collection":[{"href":"https:\/\/uo-net.cz\/bbcut\/wp-json\/wp\/v2\/pages"}],"about":[{"href":"https:\/\/uo-net.cz\/bbcut\/wp-json\/wp\/v2\/types\/page"}],"author":[{"embeddable":true,"href":"https:\/\/uo-net.cz\/bbcut\/wp-json\/wp\/v2\/users\/2"}],"replies":[{"embeddable":true,"href":"https:\/\/uo-net.cz\/bbcut\/wp-json\/wp\/v2\/comments?post=2248"}],"version-history":[{"count":148,"href":"https:\/\/uo-net.cz\/bbcut\/wp-json\/wp\/v2\/pages\/2248\/revisions"}],"predecessor-version":[{"id":2415,"href":"https:\/\/uo-net.cz\/bbcut\/wp-json\/wp\/v2\/pages\/2248\/revisions\/2415"}],"wp:attachment":[{"href":"https:\/\/uo-net.cz\/bbcut\/wp-json\/wp\/v2\/media?parent=2248"}],"curies":[{"name":"wp","href":"https:\/\/api.w.org\/{rel}","templated":true}]}}