{"id":1907,"date":"2021-03-17T09:29:34","date_gmt":"2021-03-17T08:29:34","guid":{"rendered":"https:\/\/uo-net.cz\/bbcut\/muj-ucet\/"},"modified":"2021-04-19T09:37:05","modified_gmt":"2021-04-19T07:37:05","slug":"muj-ucet","status":"publish","type":"page","link":"https:\/\/uo-net.cz\/bbcut\/muj-ucet\/","title":{"rendered":"M\u016fj \u00fa\u010det"},"content":{"rendered":"\t\t<div data-elementor-type=\"wp-page\" data-elementor-id=\"1907\" class=\"elementor elementor-1907\" data-elementor-settings=\"[]\">\n\t\t\t\t\t\t\t<div class=\"elementor-section-wrap\">\n\t\t\t\t\t\t\t<section class=\"elementor-section elementor-top-section elementor-element elementor-element-28863514 elementor-section-boxed elementor-section-height-default elementor-section-height-default\" data-id=\"28863514\" data-element_type=\"section\">\n\t\t\t\t\t\t<div class=\"elementor-container elementor-column-gap-default\">\n\t\t\t\t\t<div class=\"elementor-column elementor-col-100 elementor-top-column elementor-element elementor-element-db3c44b\" data-id=\"db3c44b\" data-element_type=\"column\" data-settings=\"{&quot;background_background&quot;:&quot;classic&quot;}\">\n\t\t\t<div class=\"elementor-widget-wrap elementor-element-populated\">\n\t\t\t\t\t\t\t\t<div class=\"elementor-element elementor-element-3df999b7 elementor-widget elementor-widget-text-editor\" data-id=\"3df999b7\" data-element_type=\"widget\" data-widget_type=\"text-editor.default\">\n\t\t\t\t<div class=\"elementor-widget-container\">\n\t\t\t\t\t<div class=\"elementor-text-editor elementor-clearfix\"><!-- wp:shortcode -->\n<div class=\"woocommerce\"><\/div>\n<!-- \/wp:shortcode --><\/div>\n\t\t\t\t<\/div>\n\t\t\t\t<\/div>\n\t\t\t\t\t<\/div>\n\t\t<\/div>\n\t\t\t\t\t\t\t<\/div>\n\t\t<\/section>\n\t\t\t\t\t\t<\/div>\n\t\t\t\t\t<\/div>\n\t\t","protected":false},"excerpt":{"rendered":"","protected":false},"author":2,"featured_media":0,"parent":0,"menu_order":0,"comment_status":"closed","ping_status":"closed","template":"","meta":{"_monsterinsights_skip_tracking":false,"_monsterinsights_sitenote_active":false,"_monsterinsights_sitenote_note":"","_monsterinsights_sitenote_category":0,"footnotes":""},"class_list":["post-1907","page","type-page","status-publish","hentry","entry","owp-thumbs-layout-horizontal","owp-btn-normal","owp-tabs-layout-horizontal","has-no-thumbnails","has-product-nav"],"_links":{"self":[{"href":"https:\/\/uo-net.cz\/bbcut\/wp-json\/wp\/v2\/pages\/1907","targetHints":{"allow":["GET"]}}],"collection":[{"href":"https:\/\/uo-net.cz\/bbcut\/wp-json\/wp\/v2\/pages"}],"about":[{"href":"https:\/\/uo-net.cz\/bbcut\/wp-json\/wp\/v2\/types\/page"}],"author":[{"embeddable":true,"href":"https:\/\/uo-net.cz\/bbcut\/wp-json\/wp\/v2\/users\/2"}],"replies":[{"embeddable":true,"href":"https:\/\/uo-net.cz\/bbcut\/wp-json\/wp\/v2\/comments?post=1907"}],"version-history":[{"count":22,"href":"https:\/\/uo-net.cz\/bbcut\/wp-json\/wp\/v2\/pages\/1907\/revisions"}],"predecessor-version":[{"id":2079,"href":"https:\/\/uo-net.cz\/bbcut\/wp-json\/wp\/v2\/pages\/1907\/revisions\/2079"}],"wp:attachment":[{"href":"https:\/\/uo-net.cz\/bbcut\/wp-json\/wp\/v2\/media?parent=1907"}],"curies":[{"name":"wp","href":"https:\/\/api.w.org\/{rel}","templated":true}]}}